{"id":8,"date":"2018-11-11T16:49:33","date_gmt":"2018-11-11T16:49:33","guid":{"rendered":"https:\/\/combusuper.com\/?page_id=8"},"modified":"2018-12-23T11:01:11","modified_gmt":"2018-12-23T11:01:11","slug":"inicio","status":"publish","type":"page","link":"https:\/\/combusuper.com\/","title":{"rendered":"Distribuci\u00f3n de Gas\u00f3leos en Albacete para calefacci\u00f3n, agricultura y automoci\u00f3n."},"content":{"rendered":"<p>M\u00e1s de 25 a\u00f1os de experiencia, en la\u00a0<b style=\"font-size: 15px;\">distribuci\u00f3n de gas\u00f3leo\u00a0en Albacete<\/b><span style=\"font-family: inherit; font-size: 15px; font-style: inherit; font-weight: inherit;\">. Repartimos a industria y particulares<\/span><\/p>\n<div class=\"home-article-content\" data-truncate-height=\"200\" data-more=\" Leer m\u00e1s\" data-less=\"Leer menos\" data-truncate-text=\"\">\n<p>Le llevamos su combustible all\u00ed donde tenga su dep\u00f3sito, con\u00a0manguera de 60 metros para suministrar en cualquier sitio: pisos altos, calles estrechas, terrazas&#8230;..<\/p>\n<p>En Gas\u00f3leos Pozo Ca\u00f1ada tenemos\u00a0<b>servicio de reparto en\u00a024 horas y\u00a0servicio de urgencias.<\/b><\/p>\n<\/div>\n<p><img loading=\"lazy\" decoding=\"async\" class=\"wp-image-195 aligncenter\" src=\"https:\/\/combusuper.com\/wp-content\/uploads\/2018\/12\/IMG_20181219_110517-200x300.jpg\" alt=\"\" width=\"292\" height=\"438\" srcset=\"https:\/\/combusuper.com\/wp-content\/uploads\/2018\/12\/IMG_20181219_110517-200x300.jpg 200w, https:\/\/combusuper.com\/wp-content\/uploads\/2018\/12\/IMG_20181219_110517.jpg 500w\" sizes=\"(max-width: 292px) 100vw, 292px\" \/><\/p>\n","protected":false},"excerpt":{"rendered":"<p>M\u00e1s de 25 a\u00f1os de experiencia, en la\u00a0distribuci\u00f3n de gas\u00f3leo\u00a0en Albacete. Repartimos a industria y particulares Le llevamos su combustible all\u00ed donde tenga su dep\u00f3sito, con\u00a0manguera de 60 metros para suministrar en cualquier sitio: pisos altos, calles estrechas, terrazas&#8230;.. En Gas\u00f3leos Pozo Ca\u00f1ada tenemos\u00a0servicio de reparto en\u00a024 horas y\u00a0servicio de urgencias.<\/p>\n","protected":false},"author":1,"featured_media":0,"parent":0,"menu_order":1,"comment_status":"closed","ping_status":"closed","template":"","meta":{"footnotes":""},"class_list":["post-8","page","type-page","status-publish","hentry"],"_links":{"self":[{"href":"https:\/\/combusuper.com\/index.php\/wp-json\/wp\/v2\/pages\/8"}],"collection":[{"href":"https:\/\/combusuper.com\/index.php\/wp-json\/wp\/v2\/pages"}],"about":[{"href":"https:\/\/combusuper.com\/index.php\/wp-json\/wp\/v2\/types\/page"}],"author":[{"embeddable":true,"href":"https:\/\/combusuper.com\/index.php\/wp-json\/wp\/v2\/users\/1"}],"replies":[{"embeddable":true,"href":"https:\/\/combusuper.com\/index.php\/wp-json\/wp\/v2\/comments?post=8"}],"version-history":[{"count":19,"href":"https:\/\/combusuper.com\/index.php\/wp-json\/wp\/v2\/pages\/8\/revisions"}],"predecessor-version":[{"id":196,"href":"https:\/\/combusuper.com\/index.php\/wp-json\/wp\/v2\/pages\/8\/revisions\/196"}],"wp:attachment":[{"href":"https:\/\/combusuper.com\/index.php\/wp-json\/wp\/v2\/media?parent=8"}],"curies":[{"name":"wp","href":"https:\/\/api.w.org\/{rel}","templated":true}]}}